 what is -13 - 1338?
-1352
In base 14, what is -1ad + 3?
-1aa
In base 8, what is 3 + 470?
473
In base 11, what is 0 + 99?
99
In base 6, what is -215 - 4?
-223
In base 12, what is 2 + -1ba8?
-1ba6
In base 15, what is 291 + 3?
294
In base 2, what is -110 - 1?
-111
In base 9, what is 16 - 343?
-326
In base 14, what is 5 + -39?
-34
In base 9, what is -563 + 1?
-562
In base 13, what is 10c5 - 4?
10c1
In base 9, what is 22 + -11?
11
In base 2, what is -1000010111001 + -101?
-1000010111110
In base 13, what is -4802 + -3?
-4805
In base 14, what is 0 + 50?
50
In base 12, what is -b + -6b3?
-702
In base 13, what is -5 - 1313?
-1318
In base 13, what is 238 + 39?
274
In base 4, what is 103 + -21?
22
In base 12, what is 5b - 8?
53
In base 11, what is 30 - 17?
14
In base 3, what is -12 + -1?
-20
In base 5, what is -12 - 120?
-132
In base 7, what is 16 - -25?
44
In base 8, what is 42732 + 5?
42737
In base 10, what is -3 - -2379?
2376
In base 16, what is 7 - -47?
4e
In base 7, what is 0 + 2531?
2531
In base 15, what is -2 - 4a?
-4c
In base 15, what is -1669 + 5?
-1664
In base 7, what is 0 - 266?
-266
In base 7, what is -11 - -15?
4
In base 2, what is 101 + 110001101?
110010010
In base 8, what is -1766 + -15?
-2003
In base 5, what is 104 + 2?
111
In base 6, what is 40 + -523?
-443
In base 13, what is 5 - 1b8?
-1b3
In base 9, what is 358 + -6?
352
In base 8, what is 1776 - -4?
2002
In base 2, what is 100 - -1001101010000?
1001101010100
In base 13, what is -4 - -1278?
1274
In base 10, what is -72 - 3?
-75
In base 2, what is -1110 + -10001000?
-10010110
In base 8, what is 2 + -26?
-24
In base 7, what is 506 + -10?
466
In base 2, what is -110010 + -1011?
-111101
In base 2, what is -1 + -10001100?
-10001101
In base 10, what is 8 + 928?
936
In base 16, what is 3b6 + -2?
3b4
In base 9, what is 0 - -7385?
7385
In base 13, what is -3 - -568?
565
In base 16, what is 28 - 1?
27
In base 5, what is -1 - 21?
-22
In base 11, what is 15 - -332?
347
In base 2, what is 1111100111 + -101?
1111100010
In base 6, what is 205 - -1?
210
In base 7, what is 4 - 105?
-101
In base 14, what is -6 + -679?
-681
In base 4, what is 1221 + -12?
1203
In base 3, what is -10000221 + -10?
-10001001
In base 8, what is 4 - -366?
372
In base 10, what is -131 - -30?
-101
In base 14, what is -c1 + -11?
-d2
In base 11, what is 529 + 1?
52a
In base 12, what is 3 - 155?
-152
In base 7, what is 1063 - 0?
1063
In base 6, what is -213 - 205?
-422
In base 14, what is 5 - -778?
77d
In base 14, what is -1 - 4?
-5
In base 10, what is -28 + -110?
-138
In base 9, what is 0 + -28?
-28
In base 8, what is -2 + 71?
67
In base 8, what is 4 - -6?
12
In base 8, what is 363 + 0?
363
In base 15, what is -1e - 2?
-21
In base 2, what is 1001011 - 101?
1000110
In base 14, what is 3 - 71?
-6c
In base 15, what is 69a - -2?
69c
In base 7, what is 10055 - 2?
10053
In base 2, what is -1101010 - 1000?
-1110010
In base 5, what is -441 + -14?
-1010
In base 14, what is 15 + -18?
-3
In base 10, what is -41 - 1?
-42
In base 5, what is 12 + 1431?
1443
In base 11, what is -4 - -16?
12
In base 3, what is -10011 + 11102?
1021
In base 9, what is -528 + -1?
-530
In base 14, what is 3 + 44?
47
In base 10, what is -7642 - -1?
-7641
In base 15, what is 2371 + -5?
236b
In base 9, what is -5 - -6301?
6285
In base 3, what is -111111 + 11?
-111100
In base 10, what is -2669 - -3?
-2666
In base 15, what is -4 + 12?
d
In base 3, what is 11 - 201?
-120
In base 7, what is -6 - -55?
46
In base 8, what is 2 + -300?
-276
In base 12, what is -5 - -39?
34
In base 2, what is -11000010 - 1101?
-11001111
In base 10, what is 4 - -2351?
2355
In base 8, what is -1072 - -7?
-1063
In base 15, what is 5 + -139?
-134
In base 6, what is -40 - -1420?
1340
In base 7, what is 3421 - 5?
3413
In base 7, what is 1060 + -46?
1011
In base 9, what is -144 + 3?
-141
In base 16, what is -ca - -6?
-c4
In base 14, what is -13d - 0?
-13d
In base 16, what is -3 - 56?
-59
In base 4, what is 30 - 30?
0
In base 8, what is 1 - -717?
720
In base 10, what is 3 + 108?
111
In base 12, what is -33 + 2?
-31
In base 14, what is -13 - 2?
-15
In base 16, what is 28f + 7?
296
In base 11, what is 4 + 118?
121
In base 2, what is -1100101010000 - 100?
-1100101010100
In base 13, what is -c1c + 1?
-c1b
In base 2, what is -101 + 111010?
110101
In base 13, what is -2 - 68?
-6a
In base 3, what is 110200012 - -12?
110200101
In base 7, what is -1 + 122?
121
In base 6, what is -100 + 3?
-53
In base 5, what is -23041 + 4?
-23032
In base 4, what is -330130 - 3?
-330133
In base 7, what is 5 - -4111?
4116
In base 5, what is 3012 - 0?
3012
In base 6, what is 11 - -23?
34
In base 6, what is 1 - 33?
-32
In base 6, what is -3122 - 10?
-3132
In base 3, what is 11112201 + -10?
11112121
In base 16, what is -215 - 3?
-218
In base 11, what is 275 + 4?
279
In base 12, what is a5 + -4?
a1
In base 4, what is -3 + -1103?
-1112
In base 5, what is -4 + -31410?
-31414
In base 4, what is -1031 + 31?
-1000
In base 13, what is 2 - -3c?
41
In base 16, what is 90 + 8?
98
In base 2, what is 10 + -110?
-100
In base 9, what is 5 + -126?
-121
In base 10, what is 37 - 2?
35
In base 6, what is 154 + -5?
145
In base 7, what is -4 - 111?
-115
In base 12, what is 2 - 6b?
-69
In base 12, what is -64 + 96?
32
In base 14, what is -3 + 380d?
380a
In base 7, what is 631 - 6?
622
In base 6, what is 31 - -15?
50
In base 6, what is -4135 - -5?
-4130
In base 11, what is -192 - -3?
-18a
In base 13, what is 1836 - 5?
1831
In base 5, what is 230 - -233?
1013
In base 12, what is 3 - 602?
-5bb
In base 14, what is -4 - -51?
4b
In base 16, what is 15 - -2a?
3f
In base 16, what is 1 - -1bd?
1be
In base 14, what is 200 - 1?
1dd
In base 4, what is 332 + 1?
333
In base 10, what is 0 + 7?
7
In base 16, what is 3 - -127?
12a
In base 15, what is 72 + -82?
-10
In base 2, what is -100 - -100?
0
In base 2, what is 110000111 + 100?
110001011
In base 6, what is 25 + 21?
50
In base 6, what is -2252 - -3?
-2245
In base 8, what is 37 + 1?
40
In base 15, what is -26 + c?
-19
In base 13, what is 3 + -149?
-146
In base 5, what is -3113 + 4?
-3104
In base 9, what is 11 - -11?
22
In base 12, what is -45b0 - 3?
-45b3
In base 3, what is -10022 + 102?
-2220
In base 14, what is -3 - 8b?
-90
In base 11, what is 4 + 945?
949
In base 2, what is -100111001111 - -10?
-100111001101
In base 10, what is 20 + 7?
27
In base 10, what is -2932 - 0?
-2932
In base 7, what is 2 + -22?
-20
In base 2, what is -101 - 1100000000011?
-1100000001000
In base 2, what is -1001011100 - 1001?
-1001100101
In base 13, what is 147 - 1c?
128
In base 2, what is -10 - 1001001?
-1001011
In base 11, what is 5 - -272?
277
In base 8, what is 1 - 20?
-17
In base 10, what is 7426 - 0?
7426
In base 16, what is 56 + 4c?
a2
In base 16, what is -9e + -3?
-a1
In base 7, what is 640 + -5?
632
In base 15, what is 1 + -5?
-4
In base 3, what is -100110 - 0?
-100110
In base 3, what is -2111001 - 20?
-2111021
In base 13, what is 43 + 0?
43
In base 15, what is -26e + -7?
-276
In base 7, what is -1220 + -2?
-1222
In base 2, what is -10001 - 1110111?
-10001000
In base 6, what is 35155 + -1?
35154
In base 15, what is -2 + 1a5?
1a3
In base 16, what is -7df + 3?
-7dc
In base 8, what is 5 - 30?
-23
In base 10, what is -638 + 2?
-636
In base 13, what is 9 - ba?
-b1
In base 6, what is 5 - 101?
-52
In base 6, what is 110 + 3?
113
In base 9, what is -5 + 5253?
5247
In base 7, what is 303 - -22?
325
In base 14, what is 475 - -5?
47a
In base 16, what is -86 - 5?
-8b
In base 8, what is -337 - -4?
-333
In base 6, what is 11024 - -3?
11031
In base 16, what is -5 + 61b?
616
In base 10, what is 300 - -19?
319
In base 2, what is -1 + -100000?
-100001
In base 3, what is -2 + 10012?
10010
In base 13, what is -2b + -14?
-42
In base 6, what is 130 - 30?
100
In base 8, what is -47 - 101?
-150
In base 14, what is -11 - -20?
d
In base 14, what is a + 10d?
119
In base 8, what is 5 + -663?
-656
In base 5, what is -11 + -1412?
-1423
In base 9, what is -1188 + 1?
-1187
In base 8, what is 25 + 23?
50
In base 8, what is 3 + 57?
62
In base 15, what is 5 - 56a?
-565
In base 9, what is -42 + 2?
-40
In base 13, what is -403 - -3?
-400
In base 10, what is 50 - 2?
48
In base 4, what is 200330 + -10?
200320
In base 7, what is 0 - -2006?
2006
In base 6, what is -5